of 235895.
5, 11, 4289
What are the prime factors of 1260423?
3, 23, 6089
List the prime factors of 19708801.
7, 467, 6029
What are the prime factors of 2459695?
5, 7, 31, 2267
What are the prime factors of 144402?
2, 3, 41, 587
List the prime factors of 505872.
2, 3, 1171
List the prime factors of 1021945.
5, 313, 653
What are the prime factors of 1306704?
2, 3, 7, 3889
List the prime factors of 21478145.
5, 13, 330433
List the prime factors of 2893.
11, 263
List the prime factors of 2316271.
19, 121909
List the prime factors of 1404169.
13, 108013
What are the prime factors of 633883?
633883
What are the prime factors of 111793?
11, 10163
What are the prime factors of 14707788?
2, 3, 17, 4241
What are the prime factors of 136562?
2, 68281
What are the prime factors of 8478361?
8478361
What are the prime factors of 2244497?
53, 42349
What are the prime factors of 3790860?
2, 3, 5, 23, 41, 67
What are the prime factors of 12990144?
2, 3, 29, 2333
What are the prime factors of 3260365?
5, 23, 28351
What are the prime factors of 486877?
79, 6163
List the prime factors of 7471.
31, 241
List the prime factors of 20294794.
2, 13, 547, 1427
List the prime factors of 2659944.
2, 3, 7, 71, 223
List the prime factors of 4010097.
3, 7, 13, 37, 397
What are the prime factors of 15547450?
2, 5, 310949
List the prime factors of 17057225.
5, 682289
List the prime factors of 983187.
3, 29, 3767
What are the prime factors of 16204455?
3, 5, 13337
What are the prime factors of 27037?
19, 1423
What are the prime factors of 673782?
2, 3, 112297
What are the prime factors of 25136?
2, 1571
List the prime factors of 3459893.
53, 97, 673
List the prime factors of 7085380.
2, 5, 23, 73, 211
List the prime factors of 2242301.
101, 149
List the prime factors of 2280149.
373, 6113
List the prime factors of 32432484.
2, 3, 7, 23, 16787
List the prime factors of 1052728.
2, 131591
What are the prime factors of 13612898?
2, 13, 523573
List the prime factors of 41384.
2, 7, 739
List the prime factors of 382478.
2, 31, 199
List the prime factors of 1497226.
2, 748613
List the prime factors of 6022219.
7, 860317
What are the prime factors of 343694?
2, 13, 13219
What are the prime factors of 339700?
2, 5, 43, 79
List the prime factors of 756956.
2, 189239
List the prime factors of 541618.
2, 7, 11, 3517
What are the prime factors of 1060166?
2, 113, 4691
What are the prime factors of 142641?
3, 587
List the prime factors of 549684.
2, 3, 15269
List the prime factors of 54558.
2, 3, 7, 433
List the prime factors of 633687.
3, 211229
List the prime factors of 1246798.
2, 7, 89057
List the prime factors of 302566.
2, 11, 17, 809
What are the prime factors of 8209985?
5, 7, 234571
List the prime factors of 2986550.
2, 5, 7, 23, 53
List the prime factors of 428036.
2, 7, 15287
What are the prime factors of 5463462?
2, 3, 910577
What are the prime factors of 2231908?
2, 7, 79, 1009
List the prime factors of 68541.
3, 11, 31, 67
List the prime factors of 348831.
3, 7, 113
What are the prime factors of 705483?
3, 17, 29, 53
What are the prime factors of 207342?
2, 3, 11519
What are the prime factors of 1178048?
2, 79, 233
List the prime factors of 253923.
3, 53, 1597
List the prime factors of 703016.
2, 87877
What are the prime factors of 2733400?
2, 5, 79, 173
What are the prime factors of 245613?
3, 19, 31, 139
List the prime factors of 71643.
3, 11, 13, 167
What are the prime factors of 6301493?
11, 131, 4373
What are the prime factors of 18381923?
7, 61, 43049
What are the prime factors of 3329469?
3, 11, 13, 199
What are the prime factors of 87372?
2, 3, 809
List the prime factors of 12468.
2, 3, 1039
List the prime factors of 529670.
2, 5, 52967
What are the prime factors of 5107970?
2, 5, 7, 43, 1697
What are the prime factors of 256010?
2, 5, 25601
List the prime factors of 72361.
269
List the prime factors of 3880277.
43, 90239
What are the prime factors of 363761?
363761
List the prime factors of 488526.
2, 3, 81421
List the prime factors of 163655.
5, 71, 461
List the prime factors of 380882.
2, 157, 1213
What are the prime factors of 1802969?
7, 17, 109, 139
What are the prime factors of 350646?
2, 3, 58441
What are the prime factors of 634959?
3, 13, 67
What are the prime factors of 411327?
3, 7, 6529
List the prime factors of 67614.
2, 3, 59, 191
List the prime factors of 34889070.
2, 3, 5, 1162969
What are the prime factors of 19215757?
11, 41, 137, 311
What are the prime factors of 25575896?
2, 47, 251, 271
What are the prime factors of 7603060?
2, 5, 31, 12263
List the prime factors of 2449041.
3, 7, 139, 839
What are the prime factors of 4487002?
2, 13, 19, 31, 293
List the prime factors of 315259.
7, 29, 1553
What are the prime factors of 474359?
474359
List the prime factors of 255731.
7, 17, 307
What are the prime factors of 3805318?
2, 11, 172969
What are the prime factors of 147534?
2, 3, 67, 367
List the prime factors of 740588.
2, 17, 10891
List the prime factors of 21147.
3, 7, 19, 53
What are the prime factors of 632132?
2, 23, 6871
List the prime factors of 17445051.
3, 13, 16567
List the prime factors of 12943046.
2, 73, 88651
List the prime factors of 2076677.
2076677
List the prime factors of 265472.
2, 17, 61
What are the prime factors of 920565?
3, 5, 2273
What are the prime factors of 1056400?
2, 5, 19, 139
List the prime factors of 833838.
2, 3, 31, 4483
List the prime factors of 5358651.
3, 1786217
What are the prime factors of 136218?
2, 3, 73, 311
List the prime factors of 132224.
2, 1033
What are the prime factors of 9758109?
3, 61, 53323
What are the prime factors of 166276?
2, 11, 3779
List the prime factors of 5866966.
2, 7, 131, 457
List the prime factors of 1476913.
1476913
What are the prime factors of 9971361?
3, 1107929
List the prime factors of 329619.
3, 109873
What are the prime factors of 11519662?
2, 7, 11, 19, 31, 127
List the prime factors of 18534.
2, 3, 3089
List the prime factors of 335428.
2, 83857
What are the prime factors of 536172?
2, 3, 7, 13, 491
List the prime factors of 10734167.
127, 84521
What are the prime factors of 20576824?
2, 2572103
What are the prime factors of 1221111?
3, 19, 37, 193
What are the prime factors of 36458630?
2, 5, 13, 280451
What are the prime factors of 22124073?
3, 7374691
What are the prime factors of 323970?
2, 3, 5, 10799
List the prime factors of 86879.
13, 41, 163
List the prime factors of 625804.
2, 17, 9203
List the prime factors of 25612425.
3, 5, 67, 1699
List the prime factors of 6759561.
3, 2253187
List the prime factors of 305359.
47, 73, 89
List the prime factors of 5244092.
2, 7, 17, 23, 479
What are the prime factors of 24742112?
2, 23, 33617
List the prime factors of 260100.
2, 3, 5, 17
List the prime factors of 3322.
2, 11, 151
List the prime factors of 69180.
2, 3, 5, 1153
List the prime factors of 872691.
3, 290897
What are the prime factors of 13098064?
2, 7, 83, 1409
What are the prime factors of 5539035?
3, 5, 369269
List the prime factors of 4755965.
5, 951193
List the prime factors of 44328.
2, 3, 1847
What are the prime factors of 735642?
2, 3, 19, 239
What are the prime factors of 289325?
5, 71, 163
List the prime factors of 63073.
63073
List the prime factors of 1160427.
3, 386809
What are the prime factors of 33792?
2, 3, 11
List the prime factors of 2168445.
3, 5, 144563
List the prime factors of 3731869.
3731869
What are the prime factors of 651915?
3, 5, 11, 439
List the prime factors of 463670.
2, 5, 199, 233
What are the prime factors of 194065?
5, 37, 1049
What are the prime factors of 770039?
770039
List the prime factors of 1295734.
2, 11, 58897
List the prime factors of 475227.
3, 5867
What are the prime factors of 7245504?
2, 3, 7, 599
List the prime factors of 4222182.
2, 3, 503, 1399
What are the prime factors of 808711?
137, 5903
List the prime factors of 319172.
2, 7, 11399
What are the prime factors of 3768198?
2, 3, 7, 1831
What are the prime factors of 578478?
2, 3, 67, 1439
List the prime factors of 106267.
7, 17, 19, 47
What are the prime factors of 3380803?
19, 61, 2917
What are the prime factors of 202884?
2, 3, 11, 29, 53
What are the prime factors of 90890?
2, 5, 61, 149
What are the prime factors of 225755?
5, 163, 277
What are the pri